 9*r + 5460 = 0. Let j be 2/(8/28 + (-320)/r). Calculate the greatest common divisor of 78 and j.
39
Suppose 19*m = -5*z + 17*m + 792, 4*z + m = 636. What is the highest common divisor of z and 560?
80
Let p(v) = 39*v - 14. Let z be p(7). Calculate the highest common divisor of 7 and z.
7
Let u(l) = -l**3 + 13*l**2 - 13*l + 11. Let x be u(12). Let o = x + 1. Suppose o*i + 28 = i. Calculate the greatest common factor of 4 and i.
4
Let j(u) = 5*u + 4 - 5 - 37*u - 15. Let d be j(-4). What is the greatest common factor of d and 14?
14
Let q be 6/(-15) - 3507/(-105). Calculate the greatest common divisor of 2 and q.
1
Suppose -2*w - 5*c + 267 = -6*c, 690 = 5*w + 5*c. What is the highest common factor of 5 and w?
5
Let y be 1 + (65 - (-3 - 1)). Calculate the greatest common divisor of y and 130.
10
Let a be 0 + ((-32)/(-2))/1. Suppose 5*k - 8 = i, 89*k = 5*i + 85*k - 2. What is the greatest common divisor of i and a?
2
Let r = 9 - 5. Suppose -3 - 8 = -4*b - 5*z, 2*b = -z + 7. Suppose -b*t + 9*t = -4*v + 27, -28 = -4*v - r*t. What is the highest common divisor of v and 4?
4
Suppose 542*s + 520 = 555*s. Calculate the greatest common factor of 70 and s.
10
Suppose -3*q + 3*p + 24 = 3, q = 4*p + 4. What is the greatest common divisor of 12 and q?
4
Let z = 453 - 243. Calculate the highest common divisor of z and 12.
6
Suppose 7*w + 4 = 158. Let t = -18 + w. Calculate the greatest common factor of t and 2.
2
Suppose -3*j - 3*f = 2*j - 70, 0 = 5*j - 5*f - 30. Let q = j + -1. Let i = 85 + -45. Calculate the greatest common divisor of q and i.
10
Let f = -168 - -513. What is the highest common factor of f and 138?
69
Suppose 3*f - 124 = -f. Suppose 3*s = -5*a + f + 39, -a = 5*s - 14. Let n be 46/6 + (-2)/3. Calculate the greatest common factor of n and a.
7
Let z be (-2 - 13/(-1)) + 1. Suppose -4*b + 2*m + 52 = 0, 47 = 4*b + 4*m + 7. Calculate the greatest common factor of z and b.
12
Let c = 0 - -19. Let y(f) = f**3 + 6*f**2 - 3*f - 16. Let j be y(-6). Suppose j = 2*h - h, a = -h + c. What is the greatest common factor of 34 and a?
17
Suppose 24 - 8 = i. Calculate the highest common divisor of i and 376.
8
Suppose -380 = -8*h - 2*h. Suppose -5*i + 15 = 0, 2*j - 18 - 140 = -2*i. Suppose 5*t - j = t. Calculate the greatest common divisor of t and h.
19
Let i = -141 + 246. What is the highest common divisor of i and 42?
21
Let p be 14/(-35) + (-82)/(-5) + -4. Suppose 2*x = -8*x + 240. Calculate the highest common divisor of p and x.
12
Suppose 40 = c + 3*c. Suppose -n - 2*p = 3*p - c, -3*n - 5*p + 20 = 0. Calculate the greatest common divisor of n and 35.
5
Let k = 725 + -650. Calculate the greatest common divisor of 15 and k.
15
Suppose 0 = 45*w - 51*w + 612. What is the highest common divisor of w and 36?
6
Suppose 2660 = -9*w + 16*w. What is the highest common divisor of 114 and w?
38
Let r = 488 - 476. Suppose -4*g = -20 - 4. What is the highest common divisor of r and g?
6
Suppose 0 = -44*c + 46*c - 900. What is the highest common divisor of c and 15?
15
Let l be ((-3)/2)/((-6)/20). Let u = -3 + 2. Let s be (1 + u + 45)/1. Calculate the greatest common factor of l and s.
5
Let h be -6 - 160/(-28) - (-762)/21. What is the highest common factor of 81 and h?
9
Let x(a) = -a. Let l be x(-3). Suppose o - 2 + 0 = 0. Suppose 2*y + 0*y = -k + 31, -163 = -5*k - o*y. Calculate the highest common divisor of l and k.
3
Suppose j = -21 + 36. Suppose -5*l - 4*z + 318 = 0, z + j = -4*z. What is the greatest common divisor of l and 6?
6
Suppose -4*t + 3*m + 5 = -3, 5*t = -2*m + 10. Suppose 5*z = z + 192. Suppose 4*k = 7*k - z. What is the highest common divisor of t and k?
2
Let s = 138 - 22. Calculate the greatest common factor of s and 87.
29
Suppose 12 = 11*q - 7*q. Suppose -q*m = -m - 14. Suppose 0 = -5*t - 6 + 181. Calculate the highest common factor of m and t.
7
Let z(c) = -c**3 + c**2 + c + 4. Let f be z(0). Let v be (-1 + (-1)/f)/(1/(-12)). What is the highest common factor of 30 and v?
15
Let q(f) = -6*f + 4. Let k be q(4). Let g = -39 - k. Let s = g + 29. What is the highest common divisor of s and 20?
10
Let m be (12/(-5))/((-6)/15). Suppose -m*q + 38 = -46. What is the highest common factor of 112 and q?
14
Let c(f) = -f**3 + 14*f**2 - 11*f - 1. Let d be c(9). Suppose 0 = -11*w + 91 + d. What is the highest common factor of w and 108?
36
Let l = 500 + -100. Calculate the highest common factor of l and 50.
50
Let f be -3*(5 + 266/(-21)). Calculate the greatest common divisor of f and 299.
23
Let t = -3 - -17. Let c(q) = 14*q**2 + q - 1. Let b be c(1). Calculate the highest common divisor of t and b.
14
Let g(p) = 4*p**2 + 5*p + 88. Let h be g(-11). What is the highest common divisor of h and 141?
47
Suppose i + 316 = 2*p - 3*i, i + 464 = 3*p. What is the highest common divisor of 66 and p?
22
Suppose 5*s - 1204 - 96 = 0. Let r = -131 + s. Let j = r - 33. What is the greatest common factor of j and 12?
12
Let x = 25 - 13. Suppose 2*j - 109 = 107. Calculate the highest common divisor of x and j.
12
Suppose 60 = d - 150. Suppose -q = -6*q + d. Calculate the greatest common factor of q and 18.
6
Suppose -5*n + 15 = i - 36, -4*n + 40 = i. Suppose -o + 5*z + 28 = 2*o, 2*o + 3*z + 13 = 0. Let q = o + 0. Calculate the highest common factor of n and q.
1
Let w(s) = 2*s**3 - 17*s**2 + 42*s + 13. Let p be w(11). What is the highest common divisor of p and 48?
24
Let f be (-230)/(-2) - (-610)/122. Calculate the greatest common divisor of f and 105.
15
Let h = 1092 + -773. Calculate the highest common factor of 87 and h.
29
Let r(l) = l**2 + 13*l - 81. Let o be r(-19). What is the greatest common factor of 176 and o?
11
Let l be 22/(-22) + 0/(-2). Let v be (1 + (-100 - 3))/l. Calculate the greatest common divisor of 34 and v.
34
Let f(p) = 2*p + 434. Let x be f(-16). Calculate the greatest common divisor of x and 6.
6
Let z(f) = -6*f + 27. Let c be z(-9). Let s be (c/15)/((-7)/(-105)). What is the highest common divisor of 9 and s?
9
Let g = -567 - -249. Let o = 454 + g. What is the greatest common divisor of 17 and o?
17
Let d be ((-36)/8)/(3/(-2)). Let z be ((-15)/(-5))/d - -19. What is the highest common divisor of z and 60?
20
Let r = -82 - -208. Let q(f) = f**2 - 10*f + 13. Let n be q(10). Let o = n - -1. What is the highest common factor of r and o?
14
Let o be (3 - 4)/(1/(-6)). Suppose 5*z = -o - 9. Let n = 13 + z. What is the highest common divisor of n and 5?
5
Suppose -70*i = -3*q - 74*i + 181, 2*q = -5*i + 116. What is the highest common factor of q and 273?
21
Let r = -1967 + 2067. What is the greatest common factor of r and 8?
4
Let h(q) = 7*q + 36. Let b(w) = w**3 - 7*w**2 + 11*w - 9. Let y be b(5). Let d be h(y). Suppose 25 = 5*f - 15. Calculate the greatest common factor of d and f.
8
Let f(x) = -11*x**2 + x. Let l be f(1). Let d = -4 - l. Suppose -w - d = -2*w. Calculate the highest common factor of 18 and w.
6
Suppose -1036 = -5*q + 2*h, -2*q + 830 = 2*q - h. What is the highest common factor of 156 and q?
52
Suppose -30*q = 14*q - 18*q - 5330. Let r = 267 - 185. Calculate the greatest common factor of r and q.
41
Suppose -2*y + 0*y + 36 = 0. Let f = -5289 - -5451. What is the greatest common divisor of f and y?
18
Suppose 2*p - 2504 = 4*d, -2*d + 4600 = 3*p + 860. Calculate the greatest common divisor of 234 and p.
78
Let s = -22 - -22. Suppose -g + s*g = 0. Suppose g = 4*f + f + 4*o - 17, -5*f - 2*o = -21. Calculate the greatest common divisor of f and 45.
5
Suppose 63 = 3*f - 3*j, -2*f + 42 = -0*f + 5*j. Calculate the highest common divisor of 24 and f.
3
Let k be (-952)/238 - 20/(-2 + 1). Suppose -2*h + 336 = 3*y - 3*h, -y + 3*h = -112. What is the greatest common factor of k and y?
16
Let a be ((-123)/(-9)*3)/1. Let g be 4/(-20) - a/(-5). Let l = g - -24. What is the greatest common factor of 8 and l?
8
Let u be (40/16)/((-1)/(-2)). Suppose 2*b + 57 - 77 = 0. What is the highest common factor of u and b?
5
Let g = -40 - -37. Let i be g - (0 + -2 - 3). Calculate the greatest common factor of 4 and i.
2
Let a = -109 + 104. Let p(f) = -f**2 + 9. Let j(r) = 4*r**2 - r - 37. Let v(w) = -2*j(w) - 9*p(w). Let n be v(a). What is the highest common factor of 12 and n?
4
Let j(v) = v**2 - 6*v + 7. Let s be j(5). Suppose 0*l + 5*l = -s*f + 122, -5*l + 12